s 86 + -95 + 0 + -3?
-12
(-3 - (-2 + 4)) + -3 - (21 + -15)
-14
1500 + -1522 + (-2 - -15)
-9
-57 + 60 + (-4 - 1)
-2
Calculate 26 + -39 - (13 - 6 - 12).
-8
Calculate -32 + (38 - -23) + -6.
23
Evaluate -13 + (6 - -28) - 6.
15
Calculate (6 - 1) + (-5 - 13 - (-112 + 128)).
-29
What is the value of 9 + -1 + -2 - (-2 - (0 + -5))?
3
What is the value of -6 + (-3 - -6) + 1 - 3?
-5
15 - (6 + 7 + -6) - -10
18
Calculate -4 - ((54 - 27) + -45).
14
Calculate (897 - 909) + 1 + -1 + 0 + 6.
-6
Calculate 16 - ((8 + -15 - -2) + 6).
15
(-499 - -489) + (10 - 0)
0
Evaluate 10 + -1 - 3 - ((-4 - -16) + -9).
3
What is (-295 - -296) + -2 + (-13 - -1)?
-13
-28 + (88 - 87 - (-1 - 2)) + 0
-24
What is the value of 10 - (-2 + (4 - 1) + (9 - 7))?
7
Calculate 5 + -1 + -61 + 57.
0
What is the value of (-38 - (-46 + 21)) + -3?
-16
What is (5 - 18) + (-4 - (-3 - -7 - 12))?
-9
Evaluate -11 + 8 + -17 + 18.
-2
What is the value of -13 + 30 + (-2 - 10) + -1 + -1?
3
15 + -27 + 34 + -45
-23
Evaluate -2 + (-1 - -1) + 475 + -473 + -24.
-24
What is the value of (-17 - 0 - (2 - 11)) + 6?
-2
What is the value of 27 + -30 + (2 - (-2 - 5 - 1))?
7
What is -1 + -7 + 16 + -17 + (10 - 23)?
-22
What is (-15 - -29) + -10 - (6 + -6)?
4
What is -20 + -8 + 18 + 4 + 31 + 2?
27
What is 0 - -6 - (-11 + 18) - -5?
4
Calculate 2 + (12 - 22) - -14.
6
(22 + -18 - 5) + 21
20
What is -18 + (-10 - -30) - -13?
15
Calculate -2 - 2 - (6 - (-3 - (1 - 3))).
-11
What is the value of (14 - 21) + (-11 - -8 - (-11 + -1))?
2
Calculate (84 - 51 - (0 - -6)) + (12 - 7).
32
12 + (-1 - 6) - -5
10
What is -13 + -7 + (22 - 12) + 14?
4
Calculate 18 + (-17 - (-7 - -4)) - 12.
-8
What is (307 - 299) + -1 + -25?
-18
Evaluate -1 + -5 + (7 - -2) + -2.
1
Evaluate 0 - (-1 - -11 - (4 - 9)).
-15
What is the value of 45 + -32 - ((6 - 14) + 21)?
0
What is -4 + (7 - (1 + -6)) + -6 - 13?
-11
(-25 - (7 + 0 + 2)) + 10 + -2
-26
What is the value of 10 - ((17 - 50) + 20)?
23
Evaluate -10 + (16 - (5 - 7)).
8
(-23 - -7) + 10 - ((-1 - 3) + 0)
-2
-5 - (-74 + 76 + (0 - -1) - 11)
3
Evaluate 2 + 1 + 2 + 81 + -78 - 3.
5
What is 2 + 1 + -3 + -5?
-5
Evaluate -1 + -5 + 2 + -2 - 5.
-11
What is the value of -25 + (18 - 0) - (-1 - (-1 + 1))?
-6
Evaluate -31 + (25 - 11) - -5.
-12
What is 4 + -3 + 2 - -4 - (-166 - -155)?
18
-1 - ((20 + 13 - -6) + -11)
-29
What is the value of (38 + -34 - 7) + 1 + -3 - 22?
-27
19 + 2 - (157 - 148)
12
What is the value of 1 + 0 + (99 - 48) + -75?
-23
What is the value of (4 - 4 - -2) + -13 - 4?
-15
What is the value of 6 - (11 - 13 - -5 - -8)?
-5
14 - (-11 + (-11 - (-7 - 24)))
5
What is -3 - (1 + 6 + (21 - (33 + -1)))?
1
Calculate 9 + -8 - (-20 - (-4 + 1)).
18
What is the value of -42 + 25 + (-2 + 7 - 10)?
-22
What is the value of 27 - ((13 - -17) + 2)?
-5
Evaluate -28 + 9 + -2 + 7 - -2.
-12
What is (11 - -1) + 466 + -462?
16
(-5 - -7) + -8 + 11 + 0
5
Calculate (-16 - 2) + 7 + (-9 - 15).
-35
Evaluate 12 + (-5 - 8) - (-3 - -4).
-2
What is 6 - (-5 + 0 + (-1 - -1 - -4))?
7
What is 28 + -51 + 11 - -24?
12
-3 + -4 - (5 + -12 - 2)
2
Evaluate (9 - (0 + -3)) + (2 - (3 + -1)).
12
Evaluate (21 - 15 - -2) + 1.
9
What is the value of 35 - (33 + (39 - 45))?
8
What is (-534 - -512) + (0 - -11)?
-11
What is 12 + -20 + 24 + 9 + -16?
9
Evaluate -2 + -16 + (-12 - -7) + (-6 - -7).
-22
What is the value of (-640 - -676) + -8 + -1?
27
What is the value of ((3 - 1) + -12 + 2 - 10) + -9?
-27
Calculate (36 - (3 + 25)) + 0 + 14.
22
Calculate 30 - (86 + 18 + -41).
-33
What is (4 - (3 + -1) - 3) + -9?
-10
18 + 26 + (-2 - 9) + (-11 - -1)
23
What is 10 + (-14 - (8 - -5 - 7)) + -9?
-19
Calculate -11 + -4 + (15 - 8).
-8
Calculate -10 + -6 + -1 + (5 - 1).
-13
What is the value of 2 + 11 - 2 - (23 - 18) - 0?
6
-5 - 9 - (-26 - -24) - -4
-8
Evaluate -8 + 2 + -7 - -25 - (1 - -3).
8
What is (38 - -14) + -41 - -1?
12
What is -25 - -11 - -13 - 16?
-17
4 - (-11 + 29 + -1) - (-5 + 1)
-9
What is the value of -14 + (-26 - -20 - -12 - (0 + 4))?
-12
Evaluate 19 + 14 + (-10 - 30).
-7
Evaluate 6 + -8 - (-3 + (-4 - (-2 + -1))).
2
-9 + (2 - 1) + 4 + -1 + 7
2
What is 71 - 71 - ((-1 - -3) + -13 + 3)?
8
What is the value of -3 + 3 + 14 + 24 + -21?
17
Calculate -2 + 17 + (39 - 57 - 14).
-17
What is 0 + (-1 - -3) - (16 + 5 + -3)?
-16
What is 15 + (-11 - -15) + -27?
-8
Calculate 28 + (2 - 28 - -1).
3
What is (-5 + 8 + -4 - (15 - 9)) + 4?
-3
(-2 - -18) + 201 + -218 + (9 - 0)
8
What is -26 + 22 + -12 + -3?
-19
What is the value of -3 + (-1 - 9) - 3 - -8?
-8
Calculate -7 - (-5 + 4 - -6).
-12
Calculate 4 + (2 - -31) + -24.
13
Evaluate 3 - 7 - ((-1 - 12) + 3).
6
What is the value of -28 + (22 - (-16 + 5))?
5
32 - 8 - (12 - ((0 - -4) + 2))
18
5 - ((-9 - -7) + 1 - -19)
-13
Evaluate 0 + (-7 - -21 - 12).
2
-4 + (-27 - -16) - 0
-15
What is -7 + 3 + -4 + 49 + -48?
-7
Calculate 1 + 0 + -5 + 12.
8
Calculate -8 + 28 + 0 + (0 - -8) + -7.
21
Calculate -22 + 7 + -7 - -17.
-5
What is 18 - (7 + (5 - 6 - (-7 + 7)))?
12
What is (2 - 4) + -6 + 7 + 6?
5
What is (-7 - -1) + -1 + -10 + 13?
-4
What is (32 - 1) + (675 - 683)?
23
What is 18 - (0 + -10 + (40 - 22))?
10
Evaluate -98 - -100 - ((2 - 4) + -1 + 31).
-26
What is the value of (4 - 7 - -3) + 6 + -3 + 7?
10
Calculate 15 - (-3 + 14 + -8).
12
Calculate 23 - (-19 - -40 - -30).
-28
(-13 - -15 - -16) + -38
-20
(-2 - (-27 - -36)) + 2 + 8
-1
What is -2 + 4 + 12 + -6 + 6?
14
(-5 - (13 + -11)) + (5 - 0) - -10
8
What is -6 - (12 + (0 - 18))?
0
18 + -44 - (-42 - -34)
-18
What is the value of -17 + -7 - -48 - -1?
25
Evaluate 6 + 1 + (-6 + 9 - -4).
14
Evaluate 5 + 4 + -4 + -43 + 67.
29
-2 - (-1 + 1 + -1) - (-4 - -1)
2
Evaluate 7 - (-1 + -3 - -10 - 2).
3
What is 16 - (19 - 23 - (4 + -2 + -1))?
21
-2 + (3 - 16 - -18)
3
What is -29 + 14 - (-18 - -4)?
-1
What is the value of (-6 - (-14 - 11)) + (5 - 10)?
14
What is the value of -1 + 2 + (-3 - -5) + -23 + -6?
-26
What is the value of 14 + -57 + 71 + -4?
24
16 - (-40 - -22 - -20)
14
Evaluate -15 + -1 - (15 - 48 - -24).
-7
Calculate (12 - (-11 - -15)) + -7 - (-3 + -6).
10
Calculate (-87 - -105) + 2 + -8 + -3.
9
Evaluate -11 - (-62 + 29) - 36.
-14
Calculate 21 + (8 - 0 - (-34 - -38)).
25
What is the value of 12 + 1 + -18 + 4?
-1
Evaluate 9 - (11 - (-3 - -8)) - (-17 + -2).
22
-33 + 76 + -21 - 21
1
What is the value of -2 - ((1 - 49) + 13)?
33
What is 0 - (-27 + 28 + 20 + -1)?
-20
Calculate -7 + ((8 - 4) + 13 - -1).
11
What is the value of -8 + -7 + 9 + (12 - -4)?
10
What is the value of -379 + 385 + (0 - 14)?
-8
Calculate -33 - 2 - (-27 + -1).
-7
Calculate (4 - 12 - (-1 - 31)) + (-2 - 5).
17
Calculate (7 - 7) + -7 + 1 - (-10 + 23).
-19
1 - (-5 + 13 + (-2 - 1))
-4
What is the value of (-38 - -50) + (18 - 0)?
30
8 + -18 - (-18 - -8)
0
What is the value of -30 + 20 + (-11 - (-13 + 13))?
-21
Calculate 1 + 19 - (-1 + 10 - (-1 - -8)).
18
What is the value of 3 - (-6 - -7 - -4 - (1 - -7))?
6
What is (2 - 4) + 3 - 4 - (13 + -30)?
14
What is the value of 9 + -2 + 147 + -155?
-1
What is -9 + 22 + -19 + 22?
16
6 + -12 - ((8 - (14 - 1)) + 7)
-8
What is the value of 2 + -2 + 1 - (-10 + 22)?
-11
Calculate 7 - (-8 + (-5 - (-1 - 12))).
7
Evaluate 0 - -13 - -1 - (779 - 772).
7
Evaluate 2 + 6 - (2 - (-1 - -8) - -9).
4
0 - -6 - (-272 - -281)
-3
Evaluate (8 - (-5 + -1 + 3 + 6)) + 11.
16
Calculate 6 + (1 - 7) + 3 + -5 + -13.
-15
Calculate 7 + (41 - 13) - 14.
21
What is 202 + -168 - (19 - 5 - -3)?
17
What is the value of -33 + -2 + -18 + 36?
-17
What is the value of (0 - (0 + (3 - -8))) + 1?
-10
Calculate -10 + 34 + (-51 - -27).
0
What is 13 + -22 + 27 + (-3 - 4)?
11
Evaluate -22 + (1 - (4 - -8) - -19) + 1.
-13
What is 101 + -54 + -48 + 1 + 18?
18
What is 4 - (13 + -30 + 20)?
1
What is the value of -183 + 180 + -3 + (1 - 1) - -8?
2
Calculate (35 - 45) + (-10 - -8).
-12
Calculate -2 + -9 - ((-7 - -8) + -4).
-8
What is (3 - 0 - -6) + -2?
7
What is (-7 - -1) + 550 + -533?
11
(-7 - -4 - -9 - (27 - 0)) + -4
-25
What is the value of ((14 + -5 - 4) + 6 - -6) + -6?
11
What is the value of -14 + -14 + 20 - ((7 - -6) + -4)?
-17
Calculate -5 + -15 + (32 - (36 + -27)).
3
-5 - -7 - 10 - -1
-7
Evaluate (-13 - -8) + (-14 - -15) + -5 + -2.
-11
Calculate 33 + (71 + -82 - (5 - (1 - -3))).
21
What is the value of -11 + (9 - (0 - -14)) + (54 - 4)?
34
What is 0 - -1 - (-15 - -22) - (-57 + 39)?
12
29 - (20 + -17) - 15
11
Evaluate 11 + 3 - (31 + -32).
15
What is -1 